{"id":2035,"date":"2024-08-03T11:05:16","date_gmt":"2024-08-03T14:05:16","guid":{"rendered":"https:\/\/romulofelippe.com\/?post_type=product&#038;p=2035"},"modified":"2025-08-18T13:45:07","modified_gmt":"2025-08-18T16:45:07","slug":"mundo-incriveis-alem-do-nosso","status":"publish","type":"product","link":"https:\/\/romulofelippe.com\/?product=mundo-incriveis-alem-do-nosso","title":{"rendered":"Mundo Incr\u00edveis Al\u00e9m do Nosso"},"content":{"rendered":"<p>Nicole \u00e9 uma menina que ama ler. A pequena leitora sabe que, para viajar aos lugares mais surpreendentes, basta folhear um bom livro. Dona de sonhos fant\u00e1sticos, ela v\u00ea tudo mudar em sua vida quando barcos de papel, estrelas cadentes que despencam no mar e baleias que voam at\u00e9 o espa\u00e7o sideral passam a povoar a sua f\u00e9rtil imagina\u00e7\u00e3o. Seja muito bem-vindo ao mundo de Nicole!<\/p>\n","protected":false},"excerpt":{"rendered":"<p>Nicole \u00e9 uma menina que ama ler. A pequena leitora sabe que, para viajar aos lugares mais surpreendentes, basta folhear um bom livro. Dona de sonhos fant\u00e1sticos, ela v\u00ea tudo mudar em sua vida quando barcos de papel, estrelas cadentes que despencam no mar e baleias que voam at\u00e9 o espa\u00e7o sideral passam a povoar a sua f\u00e9rtil imagina\u00e7\u00e3o. Seja muito bem-vindo ao mundo de Nicole!<\/p>\n","protected":false},"featured_media":2036,"comment_status":"open","ping_status":"closed","template":"","meta":{"_uag_custom_page_level_css":""},"product_brand":[],"product_cat":[299],"product_tag":[],"class_list":{"0":"post-2035","1":"product","2":"type-product","3":"status-publish","4":"has-post-thumbnail","6":"product_cat-fantasia","8":"first","9":"outofstock","10":"shipping-taxable","11":"purchasable","12":"product-type-simple"},"uagb_featured_image_src":{"full":["https:\/\/romulofelippe.com\/wp-content\/uploads\/2024\/08\/Mundo-Incriveis-Alem-do-Nosso.jpeg",947,1280,false],"thumbnail":["https:\/\/romulofelippe.com\/wp-content\/uploads\/2024\/08\/Mundo-Incriveis-Alem-do-Nosso-150x150.jpeg",150,150,true],"medium":["https:\/\/romulofelippe.com\/wp-content\/uploads\/2024\/08\/Mundo-Incriveis-Alem-do-Nosso-222x300.jpeg",222,300,true],"medium_large":["https:\/\/romulofelippe.com\/wp-content\/uploads\/2024\/08\/Mundo-Incriveis-Alem-do-Nosso-768x1038.jpeg",740,1000,true],"large":["https:\/\/romulofelippe.com\/wp-content\/uploads\/2024\/08\/Mundo-Incriveis-Alem-do-Nosso-758x1024.jpeg",740,1000,true],"1536x1536":["https:\/\/romulofelippe.com\/wp-content\/uploads\/2024\/08\/Mundo-Incriveis-Alem-do-Nosso.jpeg",947,1280,false],"2048x2048":["https:\/\/romulofelippe.com\/wp-content\/uploads\/2024\/08\/Mundo-Incriveis-Alem-do-Nosso.jpeg",947,1280,false],"post-thumbnail":["https:\/\/romulofelippe.com\/wp-content\/uploads\/2024\/08\/Mundo-Incriveis-Alem-do-Nosso-947x600.jpeg",947,600,true],"mvp-post-thumb":["https:\/\/romulofelippe.com\/wp-content\/uploads\/2024\/08\/Mundo-Incriveis-Alem-do-Nosso-947x600.jpeg",947,600,true],"mvp-port-thumb":["https:\/\/romulofelippe.com\/wp-content\/uploads\/2024\/08\/Mundo-Incriveis-Alem-do-Nosso-560x600.jpeg",560,600,true],"mvp-large-thumb":["https:\/\/romulofelippe.com\/wp-content\/uploads\/2024\/08\/Mundo-Incriveis-Alem-do-Nosso-590x354.jpeg",590,354,true],"mvp-mid-thumb":["https:\/\/romulofelippe.com\/wp-content\/uploads\/2024\/08\/Mundo-Incriveis-Alem-do-Nosso-400x240.jpeg",400,240,true],"mvp-small-thumb":["https:\/\/romulofelippe.com\/wp-content\/uploads\/2024\/08\/Mundo-Incriveis-Alem-do-Nosso-80x80.jpeg",80,80,true],"mailpoet_newsletter_max":["https:\/\/romulofelippe.com\/wp-content\/uploads\/2024\/08\/Mundo-Incriveis-Alem-do-Nosso.jpeg",947,1280,false],"woocommerce_thumbnail":["https:\/\/romulofelippe.com\/wp-content\/uploads\/2024\/08\/Mundo-Incriveis-Alem-do-Nosso-300x300.jpeg",300,300,true],"woocommerce_single":["https:\/\/romulofelippe.com\/wp-content\/uploads\/2024\/08\/Mundo-Incriveis-Alem-do-Nosso-600x811.jpeg",600,811,true],"woocommerce_gallery_thumbnail":["https:\/\/romulofelippe.com\/wp-content\/uploads\/2024\/08\/Mundo-Incriveis-Alem-do-Nosso-100x100.jpeg",100,100,true]},"uagb_author_info":{"display_name":"Assessoria de Imprensa","author_link":"https:\/\/romulofelippe.com\/?author=0"},"uagb_comment_info":0,"uagb_excerpt":"Nicole \u00e9 uma menina que ama ler. A pequena leitora sabe que, para viajar aos lugares mais surpreendentes, basta folhear um bom livro. Dona de sonhos fant\u00e1sticos, ela v\u00ea tudo mudar em sua vida quando barcos de papel, estrelas cadentes que despencam no mar e baleias que voam at\u00e9 o espa\u00e7o sideral passam a povoar&hellip;","_links":{"self":[{"href":"https:\/\/romulofelippe.com\/index.php?rest_route=\/wp\/v2\/product\/2035","targetHints":{"allow":["GET"]}}],"collection":[{"href":"https:\/\/romulofelippe.com\/index.php?rest_route=\/wp\/v2\/product"}],"about":[{"href":"https:\/\/romulofelippe.com\/index.php?rest_route=\/wp\/v2\/types\/product"}],"replies":[{"embeddable":true,"href":"https:\/\/romulofelippe.com\/index.php?rest_route=%2Fwp%2Fv2%2Fcomments&post=2035"}],"wp:featuredmedia":[{"embeddable":true,"href":"https:\/\/romulofelippe.com\/index.php?rest_route=\/wp\/v2\/media\/2036"}],"wp:attachment":[{"href":"https:\/\/romulofelippe.com\/index.php?rest_route=%2Fwp%2Fv2%2Fmedia&parent=2035"}],"wp:term":[{"taxonomy":"product_brand","embeddable":true,"href":"https:\/\/romulofelippe.com\/index.php?rest_route=%2Fwp%2Fv2%2Fproduct_brand&post=2035"},{"taxonomy":"product_cat","embeddable":true,"href":"https:\/\/romulofelippe.com\/index.php?rest_route=%2Fwp%2Fv2%2Fproduct_cat&post=2035"},{"taxonomy":"product_tag","embeddable":true,"href":"https:\/\/romulofelippe.com\/index.php?rest_route=%2Fwp%2Fv2%2Fproduct_tag&post=2035"}],"curies":[{"name":"wp","href":"https:\/\/api.w.org\/{rel}","templated":true}]}}